*g = 2*p - p + 57, -2*g + p = -39. Suppose -19 = -5*h + 2*h + 4*s, -s - 1 = 0. What is the remainder when g is divided by h?
3
Let n = -586 + 657. Let g(u) = -u**2 + u + 9. Calculate the remainder when n is divided by g(0).
8
Suppose -4*t + 4*b = -60, b = -4*b. What is the remainder when 88 is divided by t?
13
Suppose 6*y + 3*n = 3*y - 36, 2*y + 24 = 2*n. Let k(c) = c + 13. Let w = 8 - 6. What is the remainder when w is divided by k(y)?
0
Suppose -2*u + 24 = 2*u. Suppose -u*l + 36 = -4*l. Calculate the remainder when (-10)/15 + 316/6 is divided by l.
16
Let b(y) = y - 1. Let i(l) = l**2 + 0*l + 6*l - 26 - 3*l - 5*l. Let r(n) = 5*b(n) + i(n). What is the remainder when r(-9) is divided by 12?
11
What is the remainder when 74 is divided by (2 + -41)/1*(-14)/42?
9
Suppose 0*y = 7*y - 315. What is the remainder when 151 is divided by y?
16
Calculate the remainder when -9*(-4)/(-12) + 149 is divided by 40.
26
Suppose -650 = 8*t - 21*t. Calculate the remainder when 245 is divided by t.
45
Suppose 2 = -4*s + 2*s, 68 = a + 5*s. Suppose 0 = -8*y + 7*y - 15. Let f = y + 34. What is the remainder when a is divided by f?
16
Suppose 2*f - 3*m + 1 = 0, 2 = -4*f - m + 7. Suppose -n = 2*p - 56, -5*p + 67 = -n - 73. Calculate the remainder when p is divided by f - -8 - (0 + -1).
8
Let w(r) = -7*r + 22. Let l be w(-11). Let z = l - 86. What is the remainder when 112 is divided by z?
8
Let v = 14 + -11. Suppose v*a - 2*a - 74 = 0. Calculate the remainder when a is divided by 917/49 + 2/7.
17
Let p(y) = 5*y - 12. Let x = 13 + -6. Suppose x*c - 6*c - 4 = 0, 59 = 5*a + c. Calculate the remainder when p(a) is divided by 22.
21
Let c(y) = 13*y**2 + 19*y - 6 - 12 + 17. Calculate the remainder when c(-3) is divided by 10.
9
Let x = 69 - 17. Suppose 17*c + x = 21*c. Suppose 2*i + 0*i = 46. What is the remainder when i is divided by c?
10
Let n(l) = 3*l**2 + 3*l - 4. Let p be n(4). Calculate the remainder when p - (2 + -3 - -3) is divided by 8.
6
Let l(m) = -2*m - 6. Let o be l(-7). Suppose -o*q = -5*q - 30. What is the remainder when 17 is divided by q?
7
Let r(q) = -10*q + 0*q - 1 - 9*q**2 - 3*q**3 + 2*q**3. Let g be (5 - -3) + -5 + -11. What is the remainder when 44 is divided by r(g)?
14
Let p = -3 - -5. Suppose 10 = c + c - 2*r, -p*c + r + 14 = 0. What is the remainder when 33 is divided by c?
6
Suppose 170*a + 770 = 225*a. Suppose -100 = -3*n + n. Calculate the remainder when n is divided by a.
8
Let b = 9 + -5. Suppose -b*w - 47 + 10 = -a, 4*a = -3*w + 148. Calculate the remainder when a is divided by 10.
7
Suppose 0*k - 6 = -3*k. Suppose k*o - 5*f = 31, -3*f - 7 = o + 5. Let n = 16 + -6. Calculate the remainder when n is divided by o.
1
Let m(d) = -2*d + 131. Calculate the remainder when m(-9) is divided by 25.
24
Let z(y) = 40*y + 1088. Calculate the remainder when (-144)/(-10) + (-4)/10 is divided by z(-27).
6
Let i(m) = m - 6. Let n be i(10). Calculate the remainder when 9 is divided by (4/(-8))/(n/(-40)).
4
Let k(i) = i**3 + i**2 - i - 2. Let x(q) = q**3 + 10*q**2 - q - 7. Let f(r) = -6*k(r) + x(r). Calculate the remainder when f(-2) is divided by 4.
3
Let x = -14 - -16. Suppose 4 - x = -j. What is the remainder when 13 is divided by (-6)/(-2) - (j - 2)?
6
Suppose -5*d - 2*h + 69 = 0, 5*d - 30 = 4*h + 27. What is the remainder when 41 is divided by d?
2
Suppose -2*s + 104 = -60. What is the remainder when s is divided by 17*((-6)/(-21) + 10/14)?
14
Let r(k) = 3*k**2 - 2*k + 2. Let s be r(-3). Let u = s - 22. Calculate the remainder when 25 is divided by u.
12
Let x(k) = 8 + 21*k - k**2 + 3*k - 5*k. Calculate the remainder when x(16) is divided by 20.
16
Let s = -18 - -38. What is the remainder when 56 is divided by (21/14)/(2/s)?
11
Let p(j) = 8*j + 7. Let o(f) = 7*f + 7. Let k(h) = 5*o(h) - 4*p(h). Calculate the remainder when 61 is divided by k(2).
9
Suppose 4*j - 448 = -0*j - 4*i, 420 = 4*j - 3*i. What is the remainder when j is divided by 28?
24
Suppose 3*w - 18 = -2*y, -5*y - 4*w + 10 = -21. Suppose 4*q + 5*d = 57, 11 = 4*q + y*d - 36. Calculate the remainder when 30 is divided by q.
6
Suppose 0 = -5*d + 1714 - 139. Suppose 2*i = 5*b - 2*i - d, -b + 34 = 5*i. What is the remainder when b is divided by 20?
19
Suppose 0 = -21*s - 12*s + 4884. What is the remainder when s is divided by 38?
34
Suppose 6*p = 3*p, -4 = -b + 4*p. Suppose 5*d = -0*d + 5*x + 80, b*x = -d - 4. Let t = -368 - -401. What is the remainder when t is divided by d?
9
Let u = 15 + -14. Let k be (u/1)/(2/6). Suppose -k*n + 90 = -81. What is the remainder when n is divided by 20?
17
Suppose 4*d - 6*d = -16. Let l(j) = -146*j + 631. Calculate the remainder when l(4) is divided by d.
7
Let i(h) = 21*h - 21. What is the remainder when i(20) is divided by 13?
9
Let a = 161 + -81. What is the remainder when a is divided by 1/(((-4)/42)/(-2))?
17
Suppose -720 = 3*r - 13*r. Calculate the remainder when r is divided by 38.
34
Suppose -2*n + 16 = 2*n. Suppose -v - 256 = -2*m, n*v - 2*v - 384 = -3*m. Suppose -l = -5*l + m. Calculate the remainder when l is divided by 17.
15
Let u(g) = 9*g - 4*g + 2*g - 6 - 5. Calculate the remainder when 150 is divided by u(7).
36
Suppose 247 = 7*r - 236. What is the remainder when r is divided by 17?
1
Let k = 8 - 5. Suppose k*i + 2*d - 32 = -9, -19 = -i + 5*d. Suppose 2*g + 152 = 5*z, -5*z + 2*z + g = -92. Calculate the remainder when z is divided by i.
5
Let u(l) = 10*l + 7. Suppose 4*h + 5*k - 7 = 10, 0 = -4*h - 2*k + 14. Suppose -91 + 31 = -h*y. Calculate the remainder when u(5) is divided by y.
17
Let y(x) = -2*x**2 + 63*x + 10. Calculate the remainder when y(29) is divided by 145.
10
Let r be (2 - (-4)/(-2)) + -1. Let k be ((-30)/12)/(r/2). Suppose 5*d + 60 = k*a, 4*a - 5*d - 50 = -2*d. Calculate the remainder when a is divided by 9.
5
Suppose -18*j + 1361 = 353. Calculate the remainder when j is divided by 27.
2
Let k = 281 + -234. What is the remainder when 227 is divided by k?
39
Let c(a) = -4*a + 62. What is the remainder when 59 is divided by c(9)?
7
Suppose -5*o - 2*k - 27 = -8, o = -2*k - 7. Let x = 3 - o. Let a = -1 + x. What is the remainder when 8 is divided by a?
3
Suppose -l + 96 = 3*l - 5*y, l = -5*y + 24. What is the remainder when 35 is divided by 3/(-12) - (-294)/l?
11
Let u(k) = k + 3. Suppose q - 3*s - 15 = 0, 0 = -2*q - 3*q + 5*s + 45. Calculate the remainder when 33 is divided by u(q).
6
Let f = -1203 - -1254. Calculate the remainder when f is divided by 8.
3
Let m(j) be the third derivative of 11*j**4/24 + j**3/2 - 2*j**2. What is the remainder when m(4) is divided by ((-4)/12)/((-15)/765)?
13
Suppose 3*d + 4*d = 21. Suppose 5*q - f + 0*f - 157 = 0, 95 = d*q - f. Suppose -q*j + 26*j + 365 = 0. Calculate the remainder when j is divided by 25.
23
Let z(y) = y**3 + y + 26. Let d = -2 + 1. Let w(i) = -50*i - 1. Calculate the remainder when w(d) is divided by z(0).
23
Let a be 6/33 - 62/(-22). Suppose -a*r = -6*r + 9. Suppose 0 = r*i + 3*i - 30. What is the remainder when 13 is divided by i?
3
Suppose -99 = -m + 5. Suppose m = 5*a - a. Suppose -4*d + 2*f = -312, -3*f - 25 = -d + 58. Calculate the remainder when d is divided by a.
25
Suppose -142 = -4*l + 74. Calculate the remainder when l is divided by 14.
12
Suppose -4*l + 5*y + 130 = 0, 7*l - 183 = 2*l - 4*y. Let f = 48 - l. What is the remainder when 24 is divided by f?
11
Let i = -268 + 314. What is the remainder when i is divided by 34?
12
Suppose -2*a + 13 = -2*l - 17, -4*a = -3*l - 65. What is the remainder when 274 is divided by a?
14
Let s be 18/((-2)/9 - (-60)/27). Suppose -s*m + 49 = 4. Calculate the remainder when 21 is divided by m.
1
Let v = -12 - -15. Let d = v + -3. Suppose 5*o + d*o = 60. Calculate the remainder when 33 is divided by o.
9
Suppose 0 = -29*t + 32*t - 198. Calculate the remainder when 134 is divided by (0 - t/(-2)) + -5 + 6.
32
Let i = -589 + 597. What is the remainder when 42 is divided by i?
2
Let b(h) = -h**3 - 8*h**2 - 2*h - 5. Suppose -30 = 5*l + 2*v, -l = -2*l + 5*v - 33. Let y = 109 - 78. Calculate the remainder when y is divided by b(l).
9
Let n(a) = -59*a**3 + 5*a**2 + 10*a + 8. What is the remainder when n(-2) is divided by 79?
6
Let y = -1014 + 1229. Calculate the remainder when y is divided by 27.
26
Calculate the remainder when (5 + -13)*51/(-12